 and 6.
3
Let q = 14 + 5. Suppose 111 = 2*r + q. Let j = -628 - -651. What is the highest common factor of r and j?
23
Suppose -33*v + 5499 - 648 = 0. Calculate the greatest common divisor of 1519 and v.
49
Let k be (-1419)/(-11) + 144/8. What is the highest common divisor of 273 and k?
21
Let q = -343 - -66. Let u = q - -297. Let w be 1/4 + 638/8. What is the highest common divisor of u and w?
20
Let g = -72 - -75. Suppose -3*z - 2*s = 0, -4*s = -4*z + g*z. Suppose -4*y - 2*k + 20 = k, z = -4*k. What is the highest common divisor of y and 10?
5
Let q be (-252)/(-20) - (-3)/(-5). Let l(p) = 24*p**2 - p. Let y be l(1). Suppose 5*g + y = 113. What is the greatest common factor of g and q?
6
Let u be 16/88 - 2592/(-22). Suppose u*c - 60 = 115*c. Let h = 99 + -59. Calculate the greatest common factor of c and h.
20
Let n = -2102 + 2141. What is the highest common factor of 1053 and n?
39
Let t = -1199 + 5177. Calculate the greatest common divisor of 68 and t.
34
Suppose 0 = -c - w + 100, -20*c + 24*c - w - 400 = 0. Let j = -103 + 228. What is the highest common factor of c and j?
25
Let j be (-3)/2 - (-2)/4. Let z be 2 + 2 - 47*j. Calculate the highest common factor of z and 459.
51
Let a be 11412/156 + (-2)/13. Suppose -a = -z + 6. Suppose i + 4 = z. What is the highest common factor of i and 15?
15
Let c(k) = 105*k**2 - 9*k + 2. Let x be c(3). Calculate the highest common factor of x and 20.
20
Let q = -6970 - -7250. Calculate the greatest common factor of 1064 and q.
56
Suppose 2*h + 1 + 23 = 0. Let z = h - -17. Let w = z + 43. Calculate the highest common factor of w and 6.
6
Let l be (28/((-2016)/(-135)))/(1/8). Calculate the highest common divisor of 13965 and l.
15
Let v = 9050 - 9039. Calculate the highest common factor of 3773 and v.
11
Let h = 4833 - 1713. Suppose h = -15*d + 45*d. Let u(w) = 3*w - 8. Let j be u(7). What is the highest common factor of j and d?
13
Suppose 21*u + 36637 = 9442. Let v be u/(-45) - 3 - 2/(-9). What is the greatest common factor of v and 403?
13
Let r = 1217 - 1216. Suppose 2*t = -5*i + 45, 3*i + 28 = -t + 2*t. What is the highest common divisor of t and r?
1
Let s = -277 + 281. Suppose -s*q = r - 564, 8*r + 141 = q + 9*r. Calculate the highest common factor of 47 and q.
47
Suppose y - 11*g + 7*g = 551, y = -2*g + 557. Suppose -8*q + y = -85. Calculate the greatest common divisor of q and 20.
20
Let l(f) = -649*f - 3778. Let i be l(-6). Calculate the highest common factor of 7598 and i.
58
Let b be 4/14 + (-346)/(-14). Suppose 0 = -162*q + 125*q - 370. Let f = b + q. Calculate the greatest common factor of f and 165.
15
Let u(o) = 40 + 0*o + 20*o - 19*o + 4*o. Let m be u(-4). Suppose -14 = -p + m. Calculate the greatest common divisor of 85 and p.
17
Let f(g) = -20 + 3*g - 7*g**2 + 7*g + 1 + 6*g**2. Let h be f(9). Let m be (-155)/h - 4/8. What is the highest common factor of m and 10?
5
Let g = -1333 + 1329. Let m(k) = -k**2 - 3*k + 16. Let p be m(g). Let v = -402 + 630. Calculate the greatest common factor of v and p.
12
Let o(x) = 46*x - 788. Let b be o(90). What is the greatest common factor of b and 8?
8
Let n(r) = -9*r + 701. Let i be n(76). Let k(h) = -h**3 + 9*h**2 + 2*h - 3. Let p be k(4). What is the highest common divisor of i and p?
17
Let t = 286 + -145. Let y = -101 + t. Calculate the highest common divisor of 8 and y.
8
Let n be (4 - (-2 - -4))*1. Let t be -81*(1 + n + -4). Suppose 2 = -2*z, 0*s - 3*z + 159 = 3*s. Calculate the highest common divisor of s and t.
27
Let i = -289 + 197. Let j be 46/10 - (i/(-20) + -5). Let k be ((-1)/2 - (-6 + j))*430. Calculate the greatest common factor of k and 43.
43
Let l(h) = -54*h + 233. Let n be l(2). Calculate the greatest common divisor of 345 and n.
5
Let r = -299 - -298. Let q be (-1 + 2)*(6 + r). Suppose 4*i - 4*s - 28 = 0, 3*i + 3*s - 4*s = 13. Calculate the greatest common factor of i and q.
1
Suppose -11*d = -19*d - 2424. Let r = -138 - d. Calculate the greatest common factor of 22 and r.
11
Let q = 2550 + -2462. What is the highest common factor of q and 296?
8
Suppose 3*t - 52 = 4*l, -4*l - 8 - 20 = -t. Let a(g) = -g + 13. Let r be a(t). Let i be (-6 - 39)*r/(-1). What is the highest common divisor of i and 36?
9
Let c = -484 + 305. Let m = c - -224. Suppose 0 = -0*v + 3*v - 45. Calculate the greatest common divisor of m and v.
15
Suppose -6 - 18 = -6*c. Suppose 15*d - 16*d + c = 0. Suppose -5*m - i + 73 = 0, 3*m = d*m - i - 17. Calculate the greatest common factor of m and 30.
15
Let c be 66*62/6820*(1 + 224). Let p(q) = -24*q - 6. Let h = 3 + -7. Let j be p(h). What is the greatest common divisor of j and c?
45
Let u(p) = -19*p**3 + 3*p**2 - 8*p - 9. Let m be u(-4). Calculate the greatest common factor of m and 396.
99
Suppose 1856 = 4*o - t + 2*t, 3*o = -4*t + 1392. Calculate the highest common factor of o and 290.
58
Let d(y) = 30*y**2 + 67*y - 323. Let c be d(4). Calculate the greatest common divisor of c and 170.
85
Suppose -29*w - 27*w = -11592. Let g = 17 - -9. Let n be g - (0 - (-5 + 2)). What is the greatest common factor of n and w?
23
Suppose 0 = o + 2*m + 67 - 92, 0 = -o - 4*m + 17. Calculate the greatest common divisor of o and 7788.
33
Let b(z) = 3*z**2 + 5*z + 2. Let u(o) = o**2 + 2*o. Let j(w) = 2*b(w) - 5*u(w). Let r be j(-3). What is the greatest common divisor of 143 and r?
13
Let c(u) = 6*u**2 - 4*u - 4. Let z be c(-4). Suppose -15*d + 8 + 172 = 0. What is the greatest common divisor of z and d?
12
Let a be 906/15 + 28/(-20). What is the greatest common factor of 767 and a?
59
Suppose 4*c = 8, 2*g - 3*c + 253 = 1239. Calculate the greatest common divisor of g and 186.
62
Suppose 0 = -s + 5*y + 401, 0 = 7*s + 2*y - 1855 - 841. What is the highest common factor of s and 1351?
193
Suppose 33 = 10*r + r. Let d be (15 + -19 - -7)*224/r. What is the greatest common divisor of 32 and d?
32
Suppose 288*f - 285*f - 338 - 175 = 0. Calculate the greatest common divisor of 114 and f.
57
Let l = 16 - -21. Suppose -6*o + l = -29. Let f be 202 + -1 - (12 - o). What is the greatest common factor of f and 80?
40
Let g be 1*277 + 49 + -38. What is the greatest common factor of 120 and g?
24
Let w be (-13)/((-14)/(-21)*(-6)/(-20)). Let y = w + 22. Let b = y - -79. What is the highest common divisor of b and 24?
12
Let l = -34 - -46. Let m be 172/24 + (0 - 2)/l. What is the highest common factor of m and 5?
1
Suppose 14*i = 10*i + 12. Suppose -3*l + q + 3*q = -160, -i*q - 204 = -4*l. Calculate the greatest common factor of 36 and l.
12
Let r(k) = 4 + 0 - 23 + 6 - k. Let h be r(-18). What is the greatest common divisor of 65 and h?
5
Let a(t) = 3*t**2 + 28*t + 65. Let u be a(-11). Calculate the highest common factor of 384 and u.
24
Suppose 0 = -2*q - 5*j + 54, -64 = -4*q - 0*j + j. Let a(y) = 3*y**2 - 11*y + 13. Let f be a(4). Calculate the greatest common divisor of q and f.
17
Suppose -138*a + 80745 + 16269 = 0. What is the greatest common factor of 38 and a?
19
Let k(p) = 112*p**3 + 2*p**2 - 2. Let v be (-22)/(-14) + 3/(-63)*12. Let q be k(v). What is the greatest common factor of q and 280?
56
Suppose 2*x + 1330 = 3*t - 1357, 0 = -3*t - 4*x + 2663. Calculate the greatest common factor of 1007 and t.
19
Let z be 8*(-20)/8 - 1*2. Let h be (-2 - z/9)/(42/189). Suppose 2*t = -5*t + 126. Calculate the greatest common divisor of t and h.
2
Suppose 0 = -3*s + 4*v + 1225, -11*s + v - 1627 = -15*s. Calculate the highest common factor of 703 and s.
37
Let m = -7607 - -7646. What is the highest common divisor of m and 3913?
13
Let q(s) = 2*s**2 + 57*s + 39. Let p be q(-29). Let k = -38 + 55. Calculate the highest common divisor of k and p.
17
Let i be (2 - (-2262)/(-15))/(652/(-160) + 4). Calculate the highest common factor of 62 and i.
62
Let g = -41 + 41. Suppose -c = -g*c - 92. Let i = -22 + c. Calculate the highest common factor of i and 10.
10
Let v(o) = 2*o**3 - 4*o**2 - 12*o + 20. Let s be v(4). Suppose -8*c + s*c = 196. Calculate the greatest common factor of 21 and c.
7
Suppose 2*b - 5*b + 18 = 0. Let s be (-1)/3 - (-8806)/(-51). Let d = -119 - s. What is the highest common factor of d and b?
6
Let x = 28 - 13. Let t(w) = 0*w**2 + 411 - x*w - 405 + 3*w**2. Let j be t(7). Calculate the highest common divisor of 12 and j.
12
Suppose -4*k + 